er?
True
Is 345095 a prime number?
False
Is 828557 a composite number?
False
Is 92173 a composite number?
False
Is 12891 prime?
False
Is 4829699 prime?
False
Is 321529 a composite number?
True
Is 3737 composite?
True
Is 60441 a prime number?
False
Is 430537 composite?
True
Is 567601 a prime number?
True
Is 23915 a composite number?
True
Is 76295 prime?
False
Is 84583 a composite number?
True
Is 676121 composite?
True
Is 8665 a composite number?
True
Is 3493 a prime number?
False
Is 521201 a composite number?
False
Is 854257 prime?
True
Is 25642 a composite number?
True
Is 6007 composite?
False
Is 8583 a composite number?
True
Is 548749 prime?
True
Is 15073 composite?
False
Is 379 composite?
False
Is 10481 composite?
True
Is 51589 prime?
False
Is 12131 prime?
False
Is 17177 a composite number?
True
Is 11855 composite?
True
Is 14369 a composite number?
False
Is 111307 a prime number?
False
Is 17849 a composite number?
True
Is 67793 prime?
False
Is 297581 prime?
True
Is 1318721 a prime number?
True
Is 40739 a prime number?
True
Is 99079 a prime number?
True
Is 8501 a prime number?
True
Is 37607 a prime number?
True
Is 3204173 prime?
False
Is 12295 prime?
False
Is 88463 a prime number?
True
Is 45487 prime?
False
Is 1982065 prime?
False
Is 24913 composite?
True
Is 883391 prime?
True
Is 9293 composite?
False
Is 87197 prime?
False
Is 5623 a prime number?
True
Is 146239 prime?
True
Is 853 composite?
False
Is 76417 a composite number?
True
Is 590521 a composite number?
True
Is 93437 a composite number?
True
Is 51031 prime?
True
Is 5331 composite?
True
Is 2133869 a prime number?
False
Is 21467 prime?
True
Is 855973 a prime number?
False
Is 175531 a prime number?
False
Is 139169 a prime number?
True
Is 1174591 prime?
False
Is 15133 prime?
False
Is 889 a composite number?
True
Is 1913 composite?
False
Is 375899 prime?
True
Is 5701 a composite number?
False
Is 6067 prime?
True
Is 120541 a composite number?
True
Is 41991 composite?
True
Is 142921 composite?
True
Is 9079 prime?
False
Is 179591 a prime number?
True
Is 18319 prime?
False
Is 47189 prime?
True
Is 55763 a prime number?
True
Is 8263 a prime number?
True
Is 16255 a composite number?
True
Is 77681 composite?
False
Is 11197 a composite number?
False
Is 60397 prime?
True
Is 6331 a composite number?
True
Is 16637 a composite number?
True
Is 101939 a composite number?
False
Is 6995 composite?
True
Is 2363 a composite number?
True
Is 31829 a composite number?
True
Is 64819 composite?
True
Is 677531 a prime number?
True
Is 5969 prime?
False
Is 6197 a composite number?
False
Is 7609 a prime number?
False
Is 27194 a composite number?
True
Is 181961 a composite number?
True
Is 27179 composite?
False
Is 3707 a prime number?
False
Is 803609 composite?
False
Is 30679 prime?
False
Is 72235 composite?
True
Is 74771 prime?
True
Is 53569 composite?
False
Is 307397 prime?
True
Is 1139 a composite number?
True
Is 1332389 a prime number?
True
Is 9103 composite?
False
Is 2531 a composite number?
False
Is 428503 composite?
False
Is 258407 composite?
False
Is 243073 composite?
False
Is 21677 a composite number?
True
Is 1121 composite?
True
Is 675439 composite?
True
Is 13451 a composite number?
False
Is 187061 prime?
False
Is 43402 a prime number?
False
Is 9033 prime?
False
Is 345907 a prime number?
True
Is 315607 a prime number?
False
Is 15077 a prime number?
True
Is 3299 a prime number?
True
Is 11035 a prime number?
False
Is 2953 a prime number?
True
Is 52859 a prime number?
True
Is 30367 composite?
False
Is 11387 a prime number?
False
Is 4197 a prime number?
False
Is 682543 prime?
False
Is 6101 a composite number?
False
Is 21719 prime?
False
Is 1257335 a prime number?
False
Is 2237 composite?
False
Is 108986 a prime number?
False
Is 68007 composite?
True
Is 499 composite?
False
Is 50639 composite?
True
Is 21139 prime?
True
Is 85379 composite?
True
Is 24422 a composite number?
True
Is 221621 prime?
True
Is 441029 a composite number?
False
Is 16049 a composite number?
True
Is 1920343 a composite number?
False
Is 15451 prime?
True
Is 9197 a composite number?
True
Is 43883 prime?
False
Is 196073 a composite number?
False
Is 395023 prime?
True
Is 12223 prime?
False
Is 32083 prime?
True
Is 32749 a prime number?
True
Is 10779 a composite number?
True
Is 226547 a composite number?
False
Is 541 a composite number?
False
Is 55162 a composite number?
True
Is 406943 a composite number?
True
Is 339 prime?
False
Is 79061 prime?
False
Is 268459 composite?
False
Is 152333 a composite number?
True
Is 106721 a composite number?
False
Is 40693 composite?
False
Is 12494 a prime number?
False
Is 3587 composite?
True
Is 8485 a composite number?
True
Is 18229 composite?
False
Is 511 composite?
True
Is 19289 a composite number?
False
Is 9047 composite?
True
Is 232357 composite?
False
Is 10979 a composite number?
False
Is 57637 a prime number?
True
Is 2743 composite?
True
Is 165229 a composite number?
False
Is 129551 a prime number?
False
Is 229243 composite?
True
Is 16301 prime?
True
Is 138934 a prime number?
False
Is 4883 a composite number?
True
Is 9411 a prime number?
False
Is 32183 prime?
True
Is 549533 prime?
True
Is 653267 prime?
True
Is 72638 prime?
False
Is 1582927 a prime number?
True
Is 62737 prime?
False
Is 4327 a composite number?
False
Is 10487 composite?
False
Is 5065 a prime number?
False
Is 3967 a prime number?
True
Is 4871 a composite number?
False
Is 8353 composite?
False
Is 11273 composite?
False
Is 38039 a composite number?
False
Is 264281 prime?
False
Is 6247 composite?
False
Is 427681 a prime number?
True
Is 2533 composite?
True
Is 26259 composite?
True
Is 1933595 prime?
False
Is 18509 prime?
False
Is 64151 a composite number?
False
Is 351311 a composite number?
False
Is 32729 a composite number?
True
Is 46571 prime?
False
Is 446839 prime?
True
Is 774791 a composite number?
False
Is 4267 prime?
False
Is 5095 prime?
False
Is 126067 a composite number?
False
Is 8147 composite?
False
Is 57329 prime?
True
Is 59809 a prime number?
True
Is 4591 prime?
True
Is 23221 a prime number?
False
Is 899 composite?
True
Is 7081 composite?
True
Is 924251 a prime number?
False
Is 157 composite?
False
Is 12197 composite?
False
Is 23099 a prime number?
True
Is 6493853 a composite number?
False
Is 376351 a composite number?
False
Is 128813 a composite number?
False
Is 118589 prime?
True
Is 47363 prime?
True
Is 4513 a prime number?
True
Is 19637 prime?
False
Is 59743 a composite number?
False
Is 15787 composite?
False
Is 238627 composite?
False
Is 116789 prime?
True
Is 27442 prime?
False
Is 9413 a composite number?
False
Is 493 a prime number?
False
Is 2673653 a composite number?
False
Is 396254 prime?
False
Is 34411 a prime number?
False
Is 44437 prime?
False
Is 13163 a prime number?
True
Is 36973 prime?
True
Is 571 composite?
False
Is 208877 a composite number?
False
Is 440282 composite?
True
Is 3109 composite?
False
Is 2957 a prime number?
True
Is 2763511 composite?
False
Is 210413 a prime number?
False
Is 10743 prime?
False
Is 104453 a prime number?
False
Is 15479 composite?
True
Is 1411 composite?
True
Is 29917 a composite number?
False
Is 288803 a composite number?
False
Is 77465 a composite number?
True
Is 74557 a composite number?
True
Is 209845 prime?
False
Is 76807 a composite number?
True
Is 19847 composite?
True
Is 808023 prime?
False
Is 2372217 composite?
True
Is 38343 a composite number?
True
Is 3403 a composite number?
True
Is 2819 composite?
False
Is 1115813 composite?
True
Is 1657 a prime number?
True
Is 95461 prime?
True
Is 326983 a prime number?
True
Is 56073 composite?
True
Is 332909 a prime number?
False
Is 371153 prime?
True
Is 11863 prime?
True
Is 3713 prime?
False
Is 10559 a prime number?
True
Is 5349 a composite number?
True
Is 952377 composite?
True
Is 278801 a prime number?
True
Is 8779 a composite number?
False
Is 68587 a composite number?
True
Is 144051 a composite number?
True
Is 15859 prime?
True
Is 27273 a prime number?
False
Is 6379 a prime number?
True
Is 1117877 a composite number?
False
Is 58211 composite?
False
Is 1949 a composite number?
False
Is 293983 composite?
False
Is 15397 a composite number?
True
Is 18781 a prime number?
False
Is 98773 composite?
False
Is 3536151 a composite number?
True
Is 724